{"id":25,"date":"2021-02-03T15:20:26","date_gmt":"2021-02-03T15:20:26","guid":{"rendered":"http:\/\/materialnord.com\/?page_id=25"},"modified":"2025-03-31T14:25:27","modified_gmt":"2025-03-31T14:25:27","slug":"welcome-to-material-nord","status":"publish","type":"page","link":"https:\/\/materialnord.com\/","title":{"rendered":"Velkomin"},"content":{"rendered":"\n<p>Vi\u00f0 s\u00e9rh\u00e6fum okkur \u00ed v\u00f6ndu\u00f0um text\u00edl og vefna\u00f0arv\u00f6ru upprunnin \u00e1 \u00cdslandi fyrir t\u00edsku, innanh\u00fassh\u00f6nnun og h\u00fasg\u00f6gn. Efni  sem endast lengi og \u00feola mikla notkun.<\/p>\n\n\n\n<p>Sj\u00e1lfb\u00e6rni og si\u00f0fer\u00f0ileg framlei\u00f0sla skipta okkur m\u00e1li. Vi\u00f0 vinnum me\u00f0 \u00e1byrgum framlei\u00f0endum sem vir\u00f0a umhverfi\u00f0 og samf\u00e9lagi\u00f0 sem \u00feeir starfa \u00ed sem og handverki\u00f0 \u00ed ferlinu. <\/p>\n\n\n\n<p>N\u00e1tt\u00faruleg efni er takm\u00f6rku\u00f0 au\u00f0lind og mikilv\u00e6gt a\u00f0 n\u00e1tt\u00fara, l\u00edfsferill og land eru metin a\u00f0 ver\u00f0leikum og virt.<\/p>\n\n\n\n<p>V\u00f6rur okkar eru fyrir \u00fe\u00e1 sem kunna a\u00f0 meta g\u00e6\u00f0i og uppruna efnisins.<\/p>\n\n\n\n<p><\/p>\n\n\n\n<p><\/p>\n\n\n\n<p style=\"font-size:24px;line-height:1.5\"><\/p>\n\n\n\n<pre class=\"wp-block-verse has-normal-font-size\">Company based in Reykjav\u00edk that offers fabric and materials of high quality originated in Iceland.\u00a0\n\nNatural and organic textiles for fashion, interior and furniture that are meant for long lasting and extensive use.\n\nOur products support local sustainability and every hand in the process is respected. We collaborate with suppliers that practise responsible production methods and care for the environment as well as the community they work within. The materials are of limited sources where nature, lifecycle and land are appreciated and respected.\n\nOur products are for those who value quality and origin of their material.\u00a0<\/pre>\n","protected":false},"excerpt":{"rendered":"<p>Vi\u00f0 s\u00e9rh\u00e6fum okkur \u00ed v\u00f6ndu\u00f0um text\u00edl og vefna\u00f0arv\u00f6ru upprunnin \u00e1 \u00cdslandi fyrir t\u00edsku, innanh\u00fassh\u00f6nnun og h\u00fasg\u00f6gn. Efni sem endast lengi og \u00feola mikla notkun. Sj\u00e1lfb\u00e6rni og si\u00f0fer\u00f0ileg framlei\u00f0sla skipta okkur m\u00e1li. Vi\u00f0 vinnum me\u00f0 \u00e1byrgum framlei\u00f0endum sem vir\u00f0a umhverfi\u00f0 og samf\u00e9lagi\u00f0 sem \u00feeir starfa \u00ed sem og handverki\u00f0 \u00ed ferlinu. N\u00e1tt\u00faruleg efni er takm\u00f6rku\u00f0 au\u00f0lind &hellip; <\/p>\n<p class=\"link-more\"><a href=\"https:\/\/materialnord.com\/\" class=\"more-link\">Continue reading<span class=\"screen-reader-text\"> &#8220;Velkomin&#8221;<\/span><\/a><\/p>\n","protected":false},"author":2,"featured_media":0,"parent":0,"menu_order":0,"comment_status":"closed","ping_status":"closed","template":"","meta":[],"_links":{"self":[{"href":"https:\/\/materialnord.com\/index.php?rest_route=\/wp\/v2\/pages\/25"}],"collection":[{"href":"https:\/\/materialnord.com\/index.php?rest_route=\/wp\/v2\/pages"}],"about":[{"href":"https:\/\/materialnord.com\/index.php?rest_route=\/wp\/v2\/types\/page"}],"author":[{"embeddable":true,"href":"https:\/\/materialnord.com\/index.php?rest_route=\/wp\/v2\/users\/2"}],"replies":[{"embeddable":true,"href":"https:\/\/materialnord.com\/index.php?rest_route=%2Fwp%2Fv2%2Fcomments&post=25"}],"version-history":[{"count":25,"href":"https:\/\/materialnord.com\/index.php?rest_route=\/wp\/v2\/pages\/25\/revisions"}],"predecessor-version":[{"id":486,"href":"https:\/\/materialnord.com\/index.php?rest_route=\/wp\/v2\/pages\/25\/revisions\/486"}],"wp:attachment":[{"href":"https:\/\/materialnord.com\/index.php?rest_route=%2Fwp%2Fv2%2Fmedia&parent=25"}],"curies":[{"name":"wp","href":"https:\/\/api.w.org\/{rel}","templated":true}]}}